 (7 + 0)*(-5 + 4). Let s = d - -8. Let n = 6 - s. Determine t(n).
7
Let b(i) be the third derivative of i**6/360 - i**5/15 - i**4/4 - 3*i**3/2 - 2*i**2. Let r(a) be the first derivative of b(a). Determine r(8).
-6
Let x(y) = y**2 + y. Let m(z) = -3*z**2 - 12*z + 5. Let g(v) = m(v) + 4*x(v). What is g(5)?
-10
Let d(x) be the second derivative of 0 - 1/2*x**3 - x**2 - 2*x - 3/4*x**4. Let h(t) = -5*t**2 - t - 1. Let v(r) = -4*d(r) + 7*h(r). Give v(-5).
1
Let g(t) = t**3 + 6*t**2 + t + 8. Let x be 6*(-2 - (-3 + 2)). Determine g(x).
2
Let x(y) = -2*y**3 - 3*y**2 + y - 4. Let n(k) = 5*k**3 + 8*k**2 - 3*k + 11. Let t(j) = -3*n(j) - 8*x(j). Determine t(0).
-1
Let i(l) = -l**3 + l**2 + l + 4. Let m(d) = -5*d + 44. Let r(t) = -t + 11. Let z(j) = -2*m(j) + 9*r(j). Let g be z(-11). Determine i(g).
4
Suppose 10 = 2*f - 5*s + 4, 3*f - 9 = -4*s. Let c(l) = 0 + 1 + 0*l - 5*l - 2*l**2 + f*l**2. Give c(5).
1
Let m(j) be the third derivative of -j**5/60 - j**4/6 + j**3/3 - j**2. Let v(o) = -o + 2. Let f be v(5). Calculate m(f).
5
Let w be 8/(-36)*-3*21. Suppose 15 = -3*z + 5*z + 5*m, -4*m + w = 2*z. Let b(k) = k**2 - 5*k - 3. Calculate b(z).
-3
Let p(r) = r**2 - r. Let c be p(2). Let o(s) = 5 - s + c*s - 4*s + 4*s. Give o(-6).
-1
Let b(u) be the first derivative of -2/3*u**3 + 3 - 7/4*u**4 + u + 0*u**2. Give b(1).
-8
Let f(s) = -2*s. Let n = 6 + -1. Suppose 4*v + 24 = -5*x - 6, 30 = -n*x - v. Let j be -2*((-9)/x + -2). Determine f(j).
-2
Let i(n) = n + 1. Let x(l) = 7*l + 5. Let h(v) = -6*i(v) + x(v). Suppose -4*p + 5*a = 4, 3*a = 3 + 9. Suppose -p*f + 4 = -2*s - 0, -4 = -4*f. Determine h(s).
-1
Let b(u) = 2 + 2 + u**3 - 2 + 4*u**2. Give b(-4).
2
Let o be 2 + 0 - (1 - 0). Let t = o + 1. Suppose 4*w = a + 13, -t*w = 3*w - a - 16. Let q(g) = g**2 - 2*g - 1. Calculate q(w).
2
Let c be 3 + 1 + (0 - 2). Let j be 0/7 + 2/c. Let u(k) = k**3 - k**2. Let z(r) = 5*r**3 - 2*r**2 + 3*r + 1. Let l(s) = j*z(s) - 4*u(s). Calculate l(-2).
-5
Suppose -7*r = -2*r - 15. Let u(f) = -f. Determine u(r).
-3
Let c(p) = -p**2 + 2*p. Let z(g) = g**2 - 3*g - 2. Suppose 0 = -5*t + 3*t - 4. Let f be z(t). Let w = -4 + f. Give c(w).
-8
Let f(i) be the first derivative of i**2/2 + 2*i + 5. Suppose 4*w = -6 - 2. Calculate f(w).
0
Let y(a) = a**2 + a - 2. Let l be y(-2). Suppose l = 3*t - 5*t. Let h(i) = i**3 - 5. Give h(t).
-5
Let t(x) = 3*x + 6. Let s be (1 - -3)*(-3 + 2). Let i be t(s). Let z(m) = -m**3 - 5*m**2 + 1259*m + 6 - 6 - 1254*m. Determine z(i).
6
Let r(u) = 3*u. Let f be r(1). Suppose 0 = -f*s - s + 32. Let d = -7 + s. Let l(i) = -8*i**2. What is l(d)?
-8
Let j(g) = -g**2 + 6*g + 1. Let s be j(5). Let p = s + -3. Let x(f) = 7*f**3 - 4*f**p - 2*f**3. Calculate x(1).
1
Let g(d) be the first derivative of -d**2 + 10*d - 33. What is g(8)?
-6
Let y be -2 + 2/(-2 - -3). Let f(w) be the second derivative of 1/12*w**4 - 1/2*w**2 + 0 + y*w**3 - w. Determine f(-2).
3
Let k(c) = c**2 - c - 6. Let i(t) = -1 - t**2 + 3 + 2*t + 11. Let n(w) = -6*i(w) - 13*k(w). What is n(-1)?
-8
Let j(w) = -4*w - 1. Let b(p) = 5*p + 1. Let z(a) = 3*b(a) + 4*j(a). Determine z(-7).
6
Let i(g) = -17*g**3 - 3*g**2 + 2*g + 1 - 2 + 18*g**3 + g. Determine i(2).
1
Suppose 3*t + 3 + 15 = 0. Let q(h) = -2*h. Give q(t).
12
Let p = -6 - -11. Suppose 20 = p*d - 5. Let f(w) = -1 - d*w**2 + 4*w - 3 - 5*w + 5*w + w**3. Determine f(4).
-4
Let q(r) = -4 + r**2 - 10*r**3 - 7*r**2 + 9*r**3 + r + 4*r**2. Give q(-3).
2
Let d be (-7)/(7/2) - 1. Let o be d/((-6)/(-8)) + 1. Let w(x) = x. What is w(o)?
-3
Let r(j) = j**3 - 8*j**2 + 3*j - 10. Suppose 14*p = 39 + 73. Determine r(p).
14
Let h(u) = -2*u**3 + 3*u - 2. Let v = 30 + -28. What is h(v)?
-12
Suppose 3*j - 20 = 5*d - 0*d, -4*j = 0. Let r(s) be the first derivative of s**4/4 + 5*s**3/3 + 5*s**2/2 - 62. Determine r(d).
-4
Let b be ((-27)/(-12))/(15/40). Let u(c) = c**2 - 8. Determine u(b).
28
Suppose 0 = 19*g - 7*g. Let h(j) = -4*j - 4. Let z(c) = -3*c - 5. Let m(b) = 4*h(b) - 5*z(b). Determine m(g).
9
Let d(c) be the first derivative of c**3/3 + 4*c**2 + 7*c - 5. Give d(-6).
-5
Let b(l) be the second derivative of -l**5/20 + l**4/4 + 2*l**3/3 - l**2 + 11*l. Calculate b(4).
-2
Let u(g) = -7*g - 4. Let s = -50 - -45. Give u(s).
31
Let s(t) = -1. Let y(o) = o**2 + o + 10. Let q(u) = -4*s(u) - y(u). Let j(a) be the first derivative of q(a). What is j(-4)?
7
Suppose 5*z - 9*z + 8 = 0. Suppose 2*l + 2*h = z, 5*l = 5*h - 4 + 19. Let m be (-280)/49 - l/7. Let w(s) = s. Calculate w(m).
-6
Let j(c) = 4*c**2 + 2*c - 2. Let f be 14/(-2) + 24/(-12). Let l = f - -7. Determine j(l).
10
Suppose 6 = 3*t - 3*z - 0*z, 0 = 2*t + z + 5. Let k be 1/(-2)*(-2)/t. Let j(r) be the third derivative of r**4/24 + r**3/6 + 3*r**2. What is j(k)?
0
Let c(k) = k**2 + 2*k - 4. Let t be c(-3). Let z(x) = x**2 - 5*x. Let j(p) = 3*p**2 - 21*p. Let i(s) = 5*j(s) - 21*z(s). Determine i(t).
-6
Suppose -7*v = -9*v. Let o(j) = 3*j**2 - 2*j**3 - 2 + v + j**2 - j**2 + j. Let m be (-1)/(-1) - (-1 + 0). Calculate o(m).
-4
Let j(o) = -o**3 + 4*o**2 + 5*o. Let l(d) = d. Let a be l(4). Suppose -c - 3*s + 14 = 3*c, 0 = -a*c - 4*s + 12. Let t be j(c). Let m(f) = -f**3. Determine m(t).
0
Suppose 4*d = 2*d + 10. Let f(a) = -5*a - 8*a**3 + 7*a**3 - a**2 - d*a**2. Determine f(-4).
-12
Let c(n) be the third derivative of -n**5/60 + n**4/6 + n**3/6 - 6*n**2. Suppose 4*b = -0 + 4. Let l be (15/12)/(b/4). What is c(l)?
-4
Let i(s) be the first derivative of -11*s**4/4 + s**2 + s - 24. Give i(-1).
10
Let g(h) = -h + 4. Let p be g(4). Let k = p + 2. Suppose 5*s = k + 3. Let w(x) = 2*x + 1. What is w(s)?
3
Suppose 3*q = 3*l + 27, -4*q + 2*l + 13 + 23 = 0. Let t = -4 + q. Let n(h) = -h**3 + 4*h**2 + 5*h - 1. Determine n(t).
-1
Let j(q) = -8*q + 6*q + 0*q - 5 - 2*q - q**2. Determine j(-4).
-5
Let f(i) = 8*i**2 - i - 1. Let z(a) = -25 + a + 5*a - 4*a. Let x be z(12). Calculate f(x).
8
Let b(l) = 4*l**3 - 7*l**2 + 2*l + 4. Let n(h) = h**3 - h**2 + 1. Let w(g) = -b(g) + 3*n(g). Let j be 6/24 - (-7)/4. Suppose -f - j = -5. Determine w(f).
2
Let g be (-3)/(-2 - 10/(-8)). Suppose 2*h + g = 0, -m + 20 = -5*h + 8. Suppose m*w - 6 = c, -c + 22 = 5*w - 0. Let v(x) = -x**3 + 4*x**2 - 4. Give v(w).
-4
Let q(u) = -u**3 + 4*u**2 + 2*u - 6. Let f be q(4). Let w(y) be the first derivative of -5*y**3 + 1 - 2*y**2 + 5*y**3 + 2*y + y**3. What is w(f)?
6
Let h(k) = -69*k - 2*k**2 - 3 - 59*k + 130*k + 4*k**3. Give h(2).
25
Let c(x) be the third derivative of x**4/24 + 2*x**3/3 + 2*x**2. Calculate c(-7).
-3
Let j(i) be the second derivative of -i**8/6720 + i**7/504 - i**6/120 + i**5/30 + i**4/3 - 4*i. Let m(b) be the third derivative of j(b). Give m(4).
-4
Let c(d) = 54 + d**3 - 2*d**2 - 28 - 28. Give c(2).
-2
Let x(s) = -1 - 10*s**3 + 0*s**3 - 1 - 2*s**2 + 3. Let h(i) = -i + 8. Let t be h(7). Determine x(t).
-11
Let l(u) = 3*u**3 - 3*u**2 + 2*u - 3. Let f(r) = -8 + r**2 - r**3 - 1 + 10. Suppose -20 = w + 4*w. Let m(v) = w*f(v) - l(v). Determine m(-1).
-1
Let c(u) = -2*u + 10. Let k(p) = -5*p + 29. Let y(g) = 8*c(g) - 3*k(g). Give y(0).
-7
Let u(g) = g**3 + 5*g**2 - 6*g - 8. Let x = 6 - 8. Let y be x + (-1 - 0) - 3. Determine u(y).
-8
Let t(l) = 3*l**2 + 12*l - 7. Let r(k) = -k**2 - 4*k + 2. Let p(h) = -7*r(h) - 2*t(h). Give p(-5).
5
Suppose -i = 2 + 4. Let l(o) = 2*o + 2. Determine l(i).
-10
Let x = 0 + 3. Suppose x*w = -c + 8, w - 14 = 3*c + 2. Let j(s) = -s. Give j(w).
-4
Let t(i) = 4*i**3 + 5*i**2 + 1. Let f(x) = -3*x**3 - 4*x**2 - 1. Let a(p) = 6*f(p) + 5*t(p). Give a(-1).
-2
Let b(k) = k**2 + 2*k - 2. Let z(a) = 8*a. Let y be z(1). Suppose 0*h + h = 2*c, -5*h = -2*c - y. Calculate b(h).
6
Suppose 2*q - 7 = -3. Let k(f) = 9 + f + 0*f**q + f**3 - 8 + f**2. Let c = -3 - -2. What is k(c)?
0
Suppose v = -2*v + 12, -v = 2*f - 8. Let w(i) = 5*i**f - i**3 + i + 2 - 3*i + 2 - 2*i. Give w(4).
4
Let h(v) be the second derivative of -1/6*v**3 + 0 - 1/2*v**2 - 3*v. Let k = 2 + -8. What is h(k)?
5
Let q(t) be the second derivative of 1/12*t**4 + 4*t + 1/2*t**2 + 0 - 1/5*t**5 + 1/6*t**3. What is q(-1)?
5
Let m(l) = l**2 + l - 4. Let z(d) be the first derivative of -d**3/3 - 9*d**2/2 - 12*d + 3. Let y be z(-8). Give m(y).
8
Let w(h) be the first derivative of -h**4/4 - 4*h**3/3 - 3*h**2/2 - h - 9. Determine w(-2).
-3
Let p(n) = n**2 - 8*n - 6*n + 10*n - 4*n + 12. Determin